-- https://www.phpmyadmin.net
--
-- Versão do servidor: 5.6.35




--
-- Database: `carros`
--

-- --------------------------------------------------------

--
-- Estrutura da tabela `artigos`
--

CREATE TABLE IF NOT EXISTS `artigos` (
  `id` int(11) NOT NULL,
  `titulo` varchar(200) NOT NULL,
  `votos` int(11) NOT NULL,
  `pontos` int(11) NOT NULL
) ENGINE=InnoDB AUTO_INCREMENT=64 DEFAULT CHARSET=latin1;

--
-- Extraindo dados da tabela `artigos`
--

INSERT INTO `artigos` (`id`, `titulo`, `votos`, `pontos`) VALUES
(53, 'Artigo 1', 0, 0),
(55, 'Artigo 2', 11, 34),
(57, 'Artigo 3', 9, 31),
(59, 'Artigo 4', 0, 0),
(63, '63', 31, 90);

-- --------------------------------------------------------

--
-- Estrutura da tabela `autos`
--

CREATE TABLE IF NOT EXISTS `autos` (
  `id` int(20) NOT NULL,
  `id_usuario` int(4) NOT NULL,
  `id_cidade` varchar(20) DEFAULT NULL,
  `id_tipo_auto` varchar(20) DEFAULT NULL,
  `id_auto_negocio_tipo` varchar(20) DEFAULT NULL,
  `end` varchar(250) DEFAULT NULL,
  `bairro` varchar(250) DEFAULT NULL,
  `loja` int(1) DEFAULT NULL,
  `marca` int(1) DEFAULT NULL,
  `modelos` int(10) DEFAULT NULL,
  `versao` varchar(250) DEFAULT NULL,
  `combustivel` varchar(250) DEFAULT NULL,
  `codigo` char(20) NOT NULL,
  `foto_exibicao` varchar(250) DEFAULT NULL,
  `foto_titulo` varchar(250) DEFAULT NULL,
  `foto_descricao` varchar(250) DEFAULT NULL,
  `mes` varchar(50) DEFAULT NULL,
  `ano` varchar(50) DEFAULT NULL,
  `km` varchar(50) DEFAULT NULL,
  `potencia` varchar(50) DEFAULT NULL,
  `cilindrada` varchar(50) DEFAULT NULL,
  `cor` varchar(50) DEFAULT NULL,
  `cambio` varchar(50) DEFAULT NULL,
  `opcionais` char(255) DEFAULT NULL,
  `final_placa` varchar(50) DEFAULT NULL,
  `motor` varchar(250) DEFAULT NULL,
  `mapa` text COMMENT 'codigo embed do google maps',
  `msg` text,
  `data` datetime DEFAULT CURRENT_TIMESTAMP,
  `destaque` varchar(1) DEFAULT '0',
  `youtube_url` varchar(15) DEFAULT NULL,
  `valor` decimal(10,2) DEFAULT NULL,
  `ativo` varchar(1) DEFAULT '1',
  `votos` int(10) NOT NULL DEFAULT '0',
  `pontos` int(10) NOT NULL DEFAULT '0',
  `visitas` int(10) NOT NULL,
  `id_user` int(11) NOT NULL DEFAULT '1'
) ENGINE=MyISAM AUTO_INCREMENT=65 DEFAULT CHARSET=utf8;

--
-- Extraindo dados da tabela `autos`
--

INSERT INTO `autos` (`id`, `id_usuario`, `id_cidade`, `id_tipo_auto`, `id_auto_negocio_tipo`, `end`, `bairro`, `loja`, `marca`, `modelos`, `versao`, `combustivel`, `codigo`, `foto_exibicao`, `foto_titulo`, `foto_descricao`, `mes`, `ano`, `km`, `potencia`, `cilindrada`, `cor`, `cambio`, `opcionais`, `final_placa`, `motor`, `mapa`, `msg`, `data`, `destaque`, `youtube_url`, `valor`, `ativo`, `votos`, `pontos`, `visitas`, `id_user`) VALUES
(49, 1, '1', '5', '2', 'Rua da Areosa', '7', 38, 10, 8, '1.6 TDCi Titanium', 'Gasolina', 'A0001', 'uploads/Ford Focus SW/2-1.jpg', 'Ford Focus SW', NULL, '03', '2013', '80000', '', '', 'Preto', 'Aut', 'Airbag, Alarme, Ar condicionado, CD Player, Direção hidráulica, DVD Player, Freio ABS, GPS, Sensor de estacionamento, Travas elétricas, Vidros elétricos', '9', '1.6', '', '<p>Viatura completamente Nova.</p>\r\n\r\n<p>Cr&eacute;dito at&eacute; 120 meses com ou sem entrada.</p>\r\n', '2017-08-04 06:55:44', '1', 'https://www.you', '14000.00', '1', 0, 0, 0, 1),
(53, 1, '1', '1', '2', 'Rua do Bonfim', '1', 41, 12, 11, 'Premium', 'Gasolina', 'A0004', 'uploads/HB20/hb20-2.jpg', 'HB20', NULL, '2', '2016', '35000', '200cv', 'cc', 'Cinzento', 'Aut', 'Airbag, Alarme, Ar condicionado, Ar quente, banco de couro, Vidros elétricos', '0', '1.6', '', '<p>HB20 1.6 Premium!</p>\r\n', '2017-08-04 17:57:00', '1', '', '18000.00', '1', 16, 62, 60, 2),
(50, 1, '1', '5', '2', 'Avenida da Boavista', '8', 37, 11, 9, '1.5DCI 110CV DINAMIC', 'Gasóleo', 'A0002', 'uploads/Renault Megane Sport Tourer/3-2.jpg', 'Renault Megane Sport Tourer', NULL, '02', '2016', '25000', '110cv', '', 'Cinzento', 'Man', 'Airbag, Alarme, Ar condicionado, Ar quente, Banco com regulagem de altura, banco de couro, Direção hidráulica, DVD Player, Encosto de cabeça traseiro, GPS, Sensor de estacionamento', '9', '1.5', '', '<p>Viatura em excelente estado com Kms GARANTIDOS e com hist&oacute;rico de revis&otilde;es sempre na Renault.<br />\r\nJantes de liga leve 17, original Renault.<br />\r\nPossiblidade de Garantia.<br />\r\nSensores de estacionamanto de origem.</p>\r\n', '2017-08-04 07:22:55', '', '', '13000.00', '1', 0, 0, 0, 2),
(51, 1, '1', '5', '2', 'Rua de Paranhos', '3', 37, 11, 10, '1.6 DCi 125Cv ENERGY', 'Gasóleo', 'A0003', 'uploads/Trafic L2/1-4.jpg', 'Trafic L2', NULL, '01', '2015', '15000', '', '', 'Preto', 'Aut', 'Airbag, Alarme, Ar condicionado, Ar quente, Bancos em couro, Desembaçador traseiro, Freio ABS, Rodas de liga leve, Sensor de estacionamento, Teto solar, Tração 4x4, Travas elétricas, Vidros elétricos, Volante com regulagem de altura', '0', '1.6', '', '<p>A informa&ccedil;&atilde;o disponibilizada ainda que precisa, n&atilde;o dispensa a sua confirma&ccedil;&atilde;o, nem poder&aacute; ser considerada vinculativa.</p>\r\n\r\n<p>Cr&eacute;dito com ou sem entrada de 12 a 120 meses.</p>\r\n', '2017-08-04 07:33:42', '', '', '35000.00', '1', 1, 5, 6, 1),
(56, 1, '1', '2', '2', 'Rua de Paranhos', '3', 40, 8, 12, 'Yamaha MT-125', 'Gasóleo', 'A0007', 'uploads/MT-125/2-1.jpg', 'MT-125', NULL, '', '', '5000', '', '125cc', 'Preta', 'Man', NULL, '5', '', '', '<p>Os modelos Hyper Naked da Yamaha revolucionaram o mundo do motociclismo. Com o seu estilo radical, bin&aacute;rio emocionante e imagem de estilo elegante, a MT proporciona pura emo&ccedil;&atilde;o de condu&ccedil;&atilde;o.</p>\r\n\r\n<p>Com o seu espetacular quadro sem carenagem, a MT-125 n&atilde;o &eacute; compar&aacute;vel a nenhuma outra. Com o estilo streetfighter agressivo que chama a aten&ccedil;&atilde;o onde quer que v&aacute;, esta moto distingue-se pela atitude. Al&eacute;m disso, com o quadro de grande dimens&atilde;o, a MT-125 imp&otilde;e respeito na estrada.</p>\r\n\r\n<p>S&oacute; se &eacute; jovem uma vez. Por isso, n&atilde;o deixes de incluir MT-125 na tua vida. Agora.</p>\r\n', '2017-08-05 07:25:04', '1', '', '6000.00', '1', 1, 5, 1, 1),
(57, 1, '1', '2', '2', 'Rua da Areosa', '7', 41, 8, 7, 'Yamaha YZF-R125 / ABS', 'Gasolina', 'A0008', 'uploads/YZF-R125/1-3.jpg', 'YZF-R125', NULL, '', '', '', '', '', 'Azul', 'Man', NULL, '9', '', '', '<h2>Satisfaz a tua fome</h2>\r\n\r\n<p>Existe agora uma moto que te oferece tudo o que alguma vez sonhaste... e muito mais! Navega pela Internet e conhece a concorr&ecirc;ncia. Ver&aacute;s que nenhuma outra moto da classe 125cc consegue igualar o que a nossa mais recente YZF-R125 tem para oferecer.</p>\r\n\r\n<p>Esta not&aacute;vel moto foi desenvolvida com a mesma tecnologia avan&ccedil;ada utilizada nos modelos da s&eacute;rie R de maior capacidade, que as tornam nas mais respeitadas motos na estrada e na pista.</p>\r\n\r\n<p>A sua carenagem radical baseia-se diretamente na nossa R6, vencedora do Campeonato do mundo. E com caracter&iacute;sticas como a suspens&atilde;o dianteira invertida e um bra&ccedil;o oscilante em alum&iacute;nio, assim como um motor de curso curto com refrigera&ccedil;&atilde;o l&iacute;quida e ABS opcional, a mais recente YZF-R125 foi constru&iacute;da para provocar sensa&ccedil;&otilde;es fortes.</p>\r\n', '2017-08-05 07:28:32', '', '', '8000.00', '1', 0, 0, 0, 3),
(58, 1, '1', '2', '2', 'Rua do Bonfim', '1', 38, 8, 13, 'Yamaha YS-125', 'Gasolina', 'A0009', 'uploads/YS-125/3-3.jpg', 'YS-125', NULL, '7', '2014', '15000', '', '125cc', 'Vermelha', 'Aut', NULL, '9', '', '', '<h2>Condu&ccedil;&atilde;o livre. Condu&ccedil;&atilde;o f&aacute;cil.</h2>\r\n\r\n<p>H&aacute; mais de 60 anos que constru&iacute;mos motos fi&aacute;veis. Todos os dias, centenas de milhares de pessoas confiam na sua Yamaha para se deslocarem pela cidade. E agora, para substituir a YBR 125, apresentamos a YS 125, com a mesma fiabilidade da sua antecessora.</p>\r\n\r\n<p>Ficar&aacute; impressionado com a excelente autonomia de combust&iacute;vel da YS 125, bem como com o seu visual requintado - e depois de sentir a sua posi&ccedil;&atilde;o de condu&ccedil;&atilde;o descontra&iacute;da, saber&aacute; que esta moto leve &eacute; a escolha inteligente para o seu estilo de vida. O comportamento suave e a condu&ccedil;&atilde;o f&aacute;cil s&atilde;o duas carater&iacute;sticas intr&iacute;nsecas da moto, gra&ccedil;as &agrave; sua suspens&atilde;o e &agrave;s rodas de 18 polegadas. Por outro lado, o dep&oacute;sito de combust&iacute;vel de 14 litros proporciona-lhe muitas horas de condu&ccedil;&atilde;o at&eacute; ter de voltar a abastecer.</p>\r\n\r\n<p>Yamaha YS125. Condu&ccedil;&atilde;o livre. Condu&ccedil;&atilde;o f&aacute;cil.</p>\r\n', '2017-08-05 07:33:57', '', '', '5000.00', '1', 0, 0, 0, 1),
(59, 1, '1', '2', '2', 'Rua da Areosa', '7', 41, 8, 14, 'Yamaha MT-03', 'Gasolina', 'A0010', 'uploads/MT-03/4-1.jpg', 'MT-03', NULL, '5', '2016', '25000', '', '321cc', 'Preto', 'Aut', NULL, '8', '', '', '<h2>Envolva-se com o Lado Negro.</h2>\r\n\r\n<p>O fasc&iacute;nio pelo Lado Negro do Jap&atilde;o &eacute; cada vez mais forte. Cada vez mais pilotos viram as costas aos modelos convencionais e aderem a um dos novos movimentos mais entusiasmantes do motociclismo.</p>\r\n\r\n<p>A din&acirc;mica MT-03 da Yamaha representa uma nova etapa no design de motos. O seu car&aacute;ter desportivo e vers&aacute;til une-se &agrave; posi&ccedil;&atilde;o de condu&ccedil;&atilde;o vertical e &agrave;s dimens&otilde;es compactas que tornam esta moto sem carenagem e leve a escolha ideal para motociclistas principiantes e experientes.</p>\r\n\r\n<p>Alimentada por um motor de dois cilindros paralelo de 321 cc e equipada com um quadro com uma excelente manobrabilidade, esta moto f&aacute;-lo sentir-se ansioso por conduzi-la. MT-03 da Yamaha. Venha e deixe-se envolver pelo Lado Negro.</p>\r\n', '2017-08-05 07:39:08', '', '', '9000.00', '1', 9, 25, 0, 2),
(52, 1, '1', '3', '2', 'Rua das Antas', '6', 37, 10, 6, 'Cargo TorqShift', 'Gasóleo', 'A0004', 'uploads/Ford TorqShift/caminhao1.jpg', 'Ford TorqShift', NULL, '', '', '100000', '290cv', '', 'Branco', 'Aut', 'Airbag, Ar condicionado, Ar quente, GPS, Sensor de estacionamento, Tração 4x4, Vidros elétricos, Volante com regulagem de altura', '1', '6.7', '', '<p>A primeira sensa&ccedil;&atilde;o, logo que entramos na cabine, &eacute; que iremos dirigir um carro da&nbsp;<strong>Ford</strong>&nbsp;equipado com o&nbsp;<strong>PowerShift</strong>&nbsp;&ndash; culpa da alavanca do c&acirc;mbio, que &eacute; a mesma. A diferen&ccedil;a &eacute; que existe uma posi&ccedil;&atilde;o a mais chamada &ldquo;Low&rdquo;, para descidas. Um instrutor acompanhou o percurso e explicou o funcionamento do caminh&atilde;o e da transmiss&atilde;o. Ap&oacute;s as primeiras dicas, hora de dirigir.</p>\r\n\r\n<p>O motor 6.7, de 290 cv, come&ccedil;a a empurrar o caminh&atilde;o para frente, usando seus 96,9 kgfm de torque com vigor. O&nbsp;<strong>TorqShift</strong>&nbsp;est&aacute; programado para que, caso a acelera&ccedil;&atilde;o esteja em at&eacute; 90%, fa&ccedil;a as trocas de marcha a 1.800 rpm, visando economizar combust&iacute;vel. A sa&iacute;da &eacute; tranquila e vamos seguindo at&eacute; a rampa, local de teste do assistente de partida em rampa. Paro o caminh&atilde;o e aguardo o sinal do instrutor. Ele manda tirar o p&eacute; do freio e, imediatamente, pisar fundo. O pesado n&atilde;o desceu nem um cent&iacute;metro e logo come&ccedil;ou a escalar lentamente, mas com confian&ccedil;a &ndash; algo impressionante, considerando que carregava uma carga de aproximadamente 11 toneladas.</p>\r\n', '2017-08-04 07:45:23', '1', '', '80000.00', '1', 0, 0, 0, 1),
(55, 1, '1', '1', '2', 'Rua da Areosa', '7', 39, 3, 4, 'TZ', 'Gasóleo', 'A0006', 'uploads/Onix TZ/onix-1.jpg', 'Onix TZ', NULL, '12', '2017', '10000', '220cv', '', 'Branco', 'Man', 'Airbag, Alarme, Ar condicionado, Ar quente, Bancos em couro, Direção hidráulica, Encosto de cabeça traseiro, Limpador traseiro, Sensor de estacionamento, Teto solar, Vidros elétricos', '9', '1.6', '', '<p>Onix TZ 1.6 2017 pelo menor pre&ccedil;o do mercado.</p>\r\n', '2017-08-04 19:27:54', '', '', '19000.00', '1', 0, 0, 1, 1),
(60, 1, '1', '1', '2', 'Rua do Bonfim', '1', 40, 2, 3, 'Fiat Tipo - 5 Portas', 'Gasóleo', 'A0011', 'uploads/Fiat Tipo 5 portas/tipo-1.jpg', 'Fiat Tipo 5 portas', NULL, '4', '2017', '5000', '120cv', '', 'Cinzento', 'Aut', 'Airbag, Alarme, Banco com regulagem de altura, banco de couro, Direção hidráulica, Freio ABS, GPS, Sensor de estacionamento, Teto solar, Vidros elétricos', '9', '1.4', '', '<p>O Fiat Tipo 5 Portas faz das manobras de estacionamento uma brincadeira, gra&ccedil;as &agrave; c&acirc;mara traseira integrada com o sistema Uconnect e pack Tech Lounge.</p>\r\n\r\n<p>N&atilde;o lhe dissemos que, com o Fiat Tipo, n&atilde;o &eacute; preciso muito para ter tanto?<br />\r\n&nbsp; &nbsp; &nbsp; &nbsp; &nbsp; &nbsp; &nbsp; &nbsp; &nbsp; &nbsp; &nbsp; &nbsp; &nbsp; &nbsp; &nbsp; &nbsp;&nbsp;</p>\r\n', '2017-08-05 07:49:37', '', '', '20000.00', '1', 0, 0, 0, 1),
(63, 1, '1', '5', '2', 'Rua de Paranhos', '3', 40, 13, 16, 'The Transporter', 'Gasóleo', 'A0013', 'uploads/Transporter/4-1.jpg', 'Transporter', NULL, '11', '2016', '15000', '', '', 'Branco', 'Aut', 'Airbag, Alarme, Ar condicionado, Bancos em couro, Direção hidráulica, GPS, Rodas de liga leve, Sensor de estacionamento, Travas elétricas, Vidros elétricos', '8', '', '', '<h3>Compartimento de carga pr&aacute;tico</h3>\n\n<p>O compartimento de carga est&aacute; dispon&iacute;vel com uma cobertura de revestimento de borracha lav&aacute;vel opcional, uma guarni&ccedil;&atilde;o de prote&ccedil;&atilde;o de borda de carga pr&aacute;tica e ilumina&ccedil;&atilde;o de etapa.</p>\n\n<h3>Proteja sua carga</h3>\n\n<p>O compartimento de carga est&aacute; dispon&iacute;vel com auxiliares de fixa&ccedil;&atilde;o adicionais, assegurando que a sua carga esteja protegida e segura no lugar.</p>\n\n<h3Projetado para lidar com qualquer tarefa</h3>\n\n<p>A caldeira do painel de transporte tem a solu&ccedil;&atilde;o perfeita da porta traseira, n&atilde;o importa o trabalho.&nbsp;Todo o transportador est&aacute; dispon&iacute;vel com a escolha de uma grande porta traseira ou de portas de asa traseira vers&aacute;teis.&nbsp;Ambos est&atilde;o dispon&iacute;veis em vidros ou em metal s&oacute;lido para maior seguran&ccedil;a.</p>\n\n<h3>Desfrute de uma visibilidade ideal</h3>\n\n<p>Expanda seu campo de vis&atilde;o com potentes far&oacute;is LED, dispon&iacute;vel como op&ccedil;&atilde;o.</p>\n', '2017-08-05 08:52:22', '0', '', '30000.00', '1', 5, 15, 0, 3),
(62, 1, '1', '3', '2', 'Rua das Antas', '6', 38, 10, 15, 'FORD Transit 350 EL OPEN', 'Gasóleo', 'A0012', 'uploads/Transit 350 EL OPEN/1-1.jpg', 'Transit 350 EL OPEN', NULL, '3', '2006', '150000', '240cv', '', 'Vermelho', 'Aut', 'Airbag, Alarme, Ar condicionado, Ar quente, banco de couro, Direção hidráulica, Tração 4x4, Travas elétricas, Vidros elétricos', '5', '3.0', '', '<p>Leaf spring suspension, Power steering<br />\r\nAxle 1: Suspension: leaf suspension<br />\r\nAxle 2: Suspension: leaf suspension<br />\r\nWhy buy at Kleyn Vans? The choice is easy!<br />\r\nKleyn Vans is one of the largest independent traders of used vans in the world. You can choose from a continually changing stock of 600 used vehicles. Our range includes all European and Asian brands, model years and price categories. You will always find the vehicle you want for the right price!<br />\r\n<br />\r\nKleyn Vans offers:<br />\r\nSharp prices<br />\r\nGood service<br />\r\nFast changing, big stock!<br />\r\nAlways sure about the quality!<br />\r\nTrading expertise you can trust!&nbsp;<br />\r\nProfessional technical service.<br />\r\nGuidance at import and transport.<br />\r\nLicense plates quickly arranged.</p>\r\n', '2017-08-05 08:01:07', '', '', '6000.00', '1', 1, 5, 2, 1);

-- --------------------------------------------------------

--
-- Estrutura da tabela `auto_fotos`
--

CREATE TABLE IF NOT EXISTS `auto_fotos` (
  `id` int(20) NOT NULL,
  `id_auto` varchar(20) DEFAULT NULL,
  `foto` varchar(250) DEFAULT NULL,
  `obs_foto` varchar(250) DEFAULT NULL
) ENGINE=MyISAM AUTO_INCREMENT=178 DEFAULT CHARSET=utf8;

--
-- Extraindo dados da tabela `auto_fotos`
--

INSERT INTO `auto_fotos` (`id`, `id_auto`, `foto`, `obs_foto`) VALUES
(1, '11', '3baf6ee2660ddda15e0872ebcf8de253.jpg', 'Auto 1'),
(132, '54', 'uploads/54/prisma-2.jpg', 'Img2'),
(3, '11', '55027eddf9224c64de46673aa526c0e0.jpg', 'Auto 2'),
(127, '51', 'uploads/51/1-3.jpg', 'Img3'),
(5, '13', 'moto1.jpg', 'Moto 1'),
(134, '54', 'uploads/54/prisma-4.jpg', 'Img4'),
(135, '55', 'uploads/55/onix-2.jpg', 'Img2'),
(8, '12', 'caminhao1.jpg', 'Camião 1'),
(133, '54', 'uploads/54/prisma-3.jpg', 'Img3'),
(128, '52', 'uploads/52/caminhao2.jpg', 'Img2'),
(126, '51', 'uploads/51/1-2.jpg', 'Img2'),
(125, '50', 'uploads/50/3-3.jpg', 'Img3'),
(108, '48', 'uploads/48/hit.jpg', 'obs_foto'),
(124, '50', 'uploads/50/3-1.jpg', 'Img2'),
(123, '49', 'uploads/49/2-3.jpg', 'Imagem 3'),
(122, '', 'uploads//2-3.jpg', 'Imagem 3'),
(120, '14', 'uploads/14/59833dd3e88e3.jpg', NULL),
(101, '48', 'uploads/48/hit.jpg', 'obs_foto'),
(118, '14', 'uploads/14/59833dd3e88e3.jpg', NULL),
(116, '14', 'uploads/14/59833dd3e88e3.jpg', NULL),
(121, '49', 'uploads/49/2-2.jpg', 'Imagem 2'),
(129, '52', 'uploads/52/caminhao3.jpg', 'Img3'),
(130, '53', 'uploads/53/hb20-1.jpg', 'Img2'),
(131, '53', 'uploads/53/hb20-3.jpg', 'Img3'),
(136, '55', 'uploads/55/onix-3.jpg', 'Img3'),
(137, '55', 'uploads/55/onix-4.jpg', 'Img4'),
(138, '56', 'uploads/56/2-2.jpg', 'Img2'),
(139, '56', 'uploads/56/2-3.jpg', 'Img3'),
(140, '57', 'uploads/57/1-1.jpg', 'Img2'),
(141, '57', 'uploads/57/1-2.jpg', 'Img3'),
(142, '58', 'uploads/58/3-4.jpg', 'Img2'),
(143, '58', 'uploads/58/3-1.jpg', 'Img3'),
(144, '58', 'uploads/58/3-2.jpg', 'Img4'),
(145, '59', 'uploads/59/4-2.jpg', 'Img2'),
(146, '59', 'uploads/59/4-3.jpg', 'Img3'),
(147, '59', 'uploads/59/4-4.jpg', 'Img4'),
(148, '60', 'uploads/60/tipo-2.jpg', 'Img2'),
(149, '60', 'uploads/60/tipo-3.jpg', 'Img3'),
(150, '60', 'uploads/60/tipo-4.jpg', 'Img4'),
(151, '60', 'uploads/60/tipo-5.jpg', 'Img5'),
(152, '60', 'uploads/60/tipo-6.jpg', 'Img6'),
(153, '62', 'uploads/62/1-2.jpg', 'Img2'),
(154, '62', 'uploads/62/1-3.jpg', 'Img3'),
(155, '63', 'uploads/63/4-2.jpg', 'Img2'),
(156, '63', 'uploads/63/4-3.jpg', 'Img3'),
(157, '63', 'uploads/63/4-4.jpg', 'Img4');

-- --------------------------------------------------------

--
-- Estrutura da tabela `auto_lojas`
--

CREATE TABLE IF NOT EXISTS `auto_lojas` (
  `id` int(20) NOT NULL,
  `logo` varchar(250) DEFAULT NULL,
  `contato` varchar(250) DEFAULT NULL,
  `loja` varchar(250) DEFAULT NULL,
  `ativo` varchar(1) DEFAULT '1'
) ENGINE=MyISAM AUTO_INCREMENT=43 DEFAULT CHARSET=utf8;

--
-- Extraindo dados da tabela `auto_lojas`
--

INSERT INTO `auto_lojas` (`id`, `logo`, `contato`, `loja`, `ativo`) VALUES
(41, 'uploads/Autonino/autonino.png', 'Autonino', 'Autonino', '1'),
(40, 'uploads/Localiza Seminovos/localiza.png', 'Localiza', 'Localiza Seminovos', '1'),
(39, 'uploads/Boaterra/boaterra.png', 'Boaterra', 'Boaterra', '1'),
(37, 'uploads/Proprietario/381754a29421b7dfda9ddbfeb09e214a.jpg', 'Proprietário', 'Proprietário', '1'),
(38, 'uploads/Cycosa/cycosa.png', 'Cycosa', 'Cycosa', '1');

-- --------------------------------------------------------

--
-- Estrutura da tabela `auto_marcas`
--

CREATE TABLE IF NOT EXISTS `auto_marcas` (
  `id` int(20) NOT NULL,
  `marca` varchar(250) DEFAULT NULL,
  `ativo` varchar(1) DEFAULT '1'
) ENGINE=MyISAM AUTO_INCREMENT=14 DEFAULT CHARSET=utf8;

--
-- Extraindo dados da tabela `auto_marcas`
--

INSERT INTO `auto_marcas` (`id`, `marca`, `ativo`) VALUES
(1, 'BMW', '1'),
(2, 'FIAT', '1'),
(3, 'Chevrolet', '1'),
(8, 'Yamaha', '1'),
(6, 'Seat', '1'),
(10, 'Ford', '1'),
(11, 'Renault', '1'),
(12, 'Hyundai', '1'),
(13, 'Volkswagem', '1');

-- --------------------------------------------------------

--
-- Estrutura da tabela `auto_modelo`
--

CREATE TABLE IF NOT EXISTS `auto_modelo` (
  `id` int(20) NOT NULL,
  `idmarca` int(11) NOT NULL,
  `modelo` varchar(250) DEFAULT NULL,
  `ativo` varchar(1) DEFAULT '1'
) ENGINE=MyISAM AUTO_INCREMENT=17 DEFAULT CHARSET=utf8;

--
-- Extraindo dados da tabela `auto_modelo`
--

INSERT INTO `auto_modelo` (`id`, `idmarca`, `modelo`, `ativo`) VALUES
(1, 3, 'Agile', '1'),
(2, 3, 'Prisma', '1'),
(3, 2, 'Tipo', '1'),
(4, 3, 'Onix', '1'),
(5, 3, 'Cruze', '1'),
(6, 10, 'Cargo TorqShift', '1'),
(7, 8, 'YZF-R125', '1'),
(8, 10, 'Ford Focus SW', '1'),
(9, 11, 'Megane Sport Tourer', '1'),
(10, 11, 'Trafic L2', '1'),
(11, 12, 'Hb20', '1'),
(12, 8, 'MT-125', '1'),
(13, 8, 'YS-125', '1'),
(14, 8, 'MT-03', '1'),
(15, 10, 'Transit', '1'),
(16, 13, 'Transporter', '1');

-- --------------------------------------------------------

--
-- Estrutura da tabela `auto_negocio_tipo`
--

CREATE TABLE IF NOT EXISTS `auto_negocio_tipo` (
  `timestamp` timestamp NOT NULL DEFAULT CURRENT_TIMESTAMP,
  `id` int(20) NOT NULL,
  `tipo` varchar(50) DEFAULT NULL,
  `ativo` enum('S','N') DEFAULT 'S'
) ENGINE=MyISAM AUTO_INCREMENT=7 DEFAULT CHARSET=utf8;

--
-- Extraindo dados da tabela `auto_negocio_tipo`
--

INSERT INTO `auto_negocio_tipo` (`timestamp`, `id`, `tipo`, `ativo`) VALUES
('2010-11-05 19:31:31', 1, '0Km', 'S'),
('2010-11-06 13:20:00', 2, 'Seminovo', 'S');

-- --------------------------------------------------------

--
-- Estrutura da tabela `auto_tipo`
--

CREATE TABLE IF NOT EXISTS `auto_tipo` (
  `id` int(20) NOT NULL,
  `tipo_nome` varchar(250) DEFAULT NULL,
  `hora` varchar(20) DEFAULT NULL,
  `data` varchar(20) DEFAULT NULL,
  `ativo` varchar(1) DEFAULT '1'
) ENGINE=MyISAM AUTO_INCREMENT=6 DEFAULT CHARSET=utf8;

--
-- Extraindo dados da tabela `auto_tipo`
--

INSERT INTO `auto_tipo` (`id`, `tipo_nome`, `hora`, `data`, `ativo`) VALUES
(1, 'Carro', '', '', '1'),
(2, 'Moto', '', '', '1'),
(3, 'Caminhão', '', '', '1'),
(4, 'Náutica', '', '', '1'),
(5, 'Carrinha', '', '', '1');

-- --------------------------------------------------------

--
-- Estrutura da tabela `bairros`
--

CREATE TABLE IF NOT EXISTS `bairros` (
  `id` int(20) NOT NULL,
  `idcidade` int(11) NOT NULL,
  `bairro` varchar(250) DEFAULT NULL,
  `ativo` varchar(1) DEFAULT '1'
) ENGINE=MyISAM AUTO_INCREMENT=12 DEFAULT CHARSET=utf8;

--
-- Extraindo dados da tabela `bairros`
--

INSERT INTO `bairros` (`id`, `idcidade`, `bairro`, `ativo`) VALUES
(1, 1, 'Bonfim', '1'),
(6, 1, 'Antas', '1'),
(3, 1, 'Paranhos', '1'),
(7, 1, 'Areosa', '1'),
(8, 1, 'Boavista', '1'),
(9, 2, 'Arroios', '1'),
(10, 2, 'Benfica', '1'),
(11, 2, 'Carnide', '1');

-- --------------------------------------------------------

--
-- Estrutura da tabela `cidades`
--

CREATE TABLE IF NOT EXISTS `cidades` (
  `id` int(20) NOT NULL,
  `cidade` varchar(250) DEFAULT NULL,
  `ativo` varchar(1) DEFAULT '1'
) ENGINE=MyISAM AUTO_INCREMENT=4 DEFAULT CHARSET=utf8;

--
-- Extraindo dados da tabela `cidades`
--

INSERT INTO `cidades` (`id`, `cidade`, `ativo`) VALUES
(1, 'Porto', '1'),
(2, 'Lisboa', '1');

-- --------------------------------------------------------

--
-- Estrutura da tabela `COMPARAR`
--

CREATE TABLE IF NOT EXISTS `COMPARAR` (
  `id_session` varchar(30) NOT NULL,
  `id_auto` int(11) NOT NULL,
  `id` int(11) NOT NULL
) ENGINE=InnoDB AUTO_INCREMENT=39 DEFAULT CHARSET=utf8;

--
-- Extraindo dados da tabela `COMPARAR`
--

INSERT INTO `COMPARAR` (`id_session`, `id_auto`, `id`) VALUES
('5s647dtp0jiheknc5ne52o1lp6', 63, 29),
('5s647dtp0jiheknc5ne52o1lp6', 62, 33),
('5s647dtp0jiheknc5ne52o1lp6', 62, 34),
('5s647dtp0jiheknc5ne52o1lp6', 60, 35),
('5s647dtp0jiheknc5ne52o1lp6', 60, 36),
('5s647dtp0jiheknc5ne52o1lp6', 60, 37),
('5s647dtp0jiheknc5ne52o1lp6', 59, 38);

-- --------------------------------------------------------

--
-- Estrutura da tabela `contato`
--

CREATE TABLE IF NOT EXISTS `contato` (
  `nome` varchar(50) NOT NULL,
  `apelido` varchar(50) NOT NULL,
  `assunto` varchar(50) NOT NULL,
  `mensagem` varchar(300) NOT NULL,
  `data` timestamp NOT NULL DEFAULT CURRENT_TIMESTAMP
) ENGINE=InnoDB DEFAULT CHARSET=utf8;

--
-- Extraindo dados da tabela `contato`
--

INSERT INTO `contato` (`nome`, `apelido`, `assunto`, `mensagem`, `data`) VALUES
('carlos', 'costa', 'assunto', 'teste ok ', '2017-08-09 23:41:36');

-- --------------------------------------------------------

--
-- Estrutura da tabela `EMPRESA`
--

CREATE TABLE IF NOT EXISTS `EMPRESA` (
  `nome` varchar(100) NOT NULL,
  `endereco` varchar(80) NOT NULL,
  `telefone1` varchar(20) NOT NULL,
  `telefone2` varchar(20) NOT NULL,
  `telemovel` varchar(20) NOT NULL,
  `facebook` varchar(100) NOT NULL,
  `youtube` varchar(100) NOT NULL,
  `instagram` varchar(100) NOT NULL,
  `sobrenos` text NOT NULL,
  `id` int(2) NOT NULL,
  `servicos` text NOT NULL,
  `logo` varchar(50) NOT NULL,
  `googlemaps` varchar(200) NOT NULL,
  `email` varchar(60) NOT NULL
) ENGINE=InnoDB AUTO_INCREMENT=2 DEFAULT CHARSET=utf8;

--
-- Extraindo dados da tabela `EMPRESA`
--

INSERT INTO `EMPRESA` (`nome`, `endereco`, `telefone1`, `telefone2`, `telemovel`, `facebook`, `youtube`, `instagram`, `sobrenos`, `id`, `servicos`, `logo`, `googlemaps`, `email`) VALUES
('StandOk', 'end', '933417713', '2', '0', 'face', 'youtube', 'instagram', '<h3>Quem Somos</h3>\r\n\r\n<p>&nbsp;</p>\r\n\r\n<h4>Stands, o melhor Autom&oacute;vel encontre aqui!</h4>\r\n\r\n<h4>Nasceu em 2017 para um projeto pr&aacute;tico, o novo portal de Autom&oacute;veis de Portugal.</h4>\r\n\r\n<h4>Entre em contato, preencha o nosso formul&aacute;rio <a href="contato.php"> aqui.</a></h4>\r\n\r\n<h4>Ou pelo e-mail: stands@stands.pt</h4>\r\n\r\n<h4>Para visualizar todos os autos dos nossos Stands parceiros, clique <a href="carros.php"> aqui.</a></h4>\r\n', 1, '<p>Servi&ccedil;os</p>\r\n', 'uploads/StandOk/59d0200ab84de.jpg', 'Googlemaps<embed>', 'achemaceio@gmail.com');

-- --------------------------------------------------------

--
-- Estrutura da tabela `newsletter`
--

CREATE TABLE IF NOT EXISTS `newsletter` (
  `id` int(20) NOT NULL,
  `nome` varchar(250) DEFAULT NULL,
  `email` varchar(250) DEFAULT NULL,
  `hora` varchar(20) DEFAULT NULL,
  `data` varchar(20) DEFAULT NULL
) ENGINE=MyISAM AUTO_INCREMENT=44 DEFAULT CHARSET=utf8;

-- --------------------------------------------------------

--
-- Estrutura da tabela `opcional`
--

CREATE TABLE IF NOT EXISTS `opcional` (
  `id` int(11) NOT NULL,
  `opcional_nome` varchar(200) DEFAULT NULL
) ENGINE=InnoDB AUTO_INCREMENT=31 DEFAULT CHARSET=latin1;

--
-- Extraindo dados da tabela `opcional`
--

INSERT INTO `opcional` (`id`, `opcional_nome`) VALUES
(1, 'Airbag'),
(2, 'Alarme'),
(3, 'Ar condicionado'),
(4, 'Ar quente'),
(5, 'Banco com regulagem de altura'),
(6, 'Bancos dianteiros com aquecimento'),
(7, 'Bancos em couro'),
(8, 'CD e MP3 Player'),
(9, 'CD Player'),
(10, 'Desembaçador traseiro'),
(11, 'Direção hidráulica'),
(12, 'Disqueteira'),
(13, 'DVD Player'),
(14, 'Encosto de cabeça traseiro'),
(15, 'Farol de xenônio'),
(16, 'Freio ABS'),
(17, 'GPS'),
(18, 'Limpador traseiro'),
(19, 'Rodas de liga leve'),
(20, 'Sensor de estacionamento'),
(21, 'Teto solar'),
(22, 'Tração 4x4'),
(23, 'Travas elétricas'),
(24, 'Vidros elétricos'),
(25, 'Volante com regulagem de altura'),
(26, 'Vidros elétricos'),
(27, 'Direção hidráulica2'),
(28, 'Direção hidráulica'),
(29, 'teto'),
(30, 'banco de couro');

-- --------------------------------------------------------

--
-- Estrutura da tabela `PROPOSTAS`
--

CREATE TABLE IF NOT EXISTS `PROPOSTAS` (
  `id_auto` int(11) NOT NULL,
  `nome` varchar(200) NOT NULL,
  `telefone` varchar(30) NOT NULL,
  `email` varchar(50) NOT NULL,
  `mensagem` varchar(255) NOT NULL,
  `id_proposta` int(11) NOT NULL
) ENGINE=InnoDB AUTO_INCREMENT=11 DEFAULT CHARSET=utf8;

--
-- Extraindo dados da tabela `PROPOSTAS`
--

INSERT INTO `PROPOSTAS` (`id_auto`, `nome`, `telefone`, `email`, `mensagem`, `id_proposta`) VALUES
(53, 'Carlos Eduardo Costa de A Pantaleao', '8296667566', 'achemaceio@gmail.com', 'Gostei do Automóvel de código A0004 e desejo fazer a seguinte proposta:\r\n                ', 9);

-- --------------------------------------------------------

--
-- Estrutura da tabela `USUARIOS`
--

CREATE TABLE IF NOT EXISTS `USUARIOS` (
  `id_user` int(11) NOT NULL,
  `tipo` varchar(30) NOT NULL,
  `user` varchar(32) NOT NULL,
  `passe` varchar(100) NOT NULL,
  `nome` varchar(40) NOT NULL,
  `email` varchar(120) NOT NULL,
  `activo` tinyint(1) NOT NULL DEFAULT '1',
  `datainsc` datetime NOT NULL DEFAULT CURRENT_TIMESTAMP,
  `image` varchar(50) NOT NULL
) ENGINE=InnoDB AUTO_INCREMENT=5 DEFAULT CHARSET=utf8;

--
-- Extraindo dados da tabela `USUARIOS`
--

INSERT INTO `USUARIOS` (`id_user`, `tipo`, `user`, `passe`, `nome`, `email`, `activo`, `datainsc`, `image`) VALUES
(1, 'admin', 'admin', '90cdebe6e9d0f9920af7a2e898551d17', 'admin', 'admin@hotmail.com', 1, '2017-08-07 20:38:05', 'uploads/admin/usuario.jpg'),
(2, 'user', 'carlos', '90cdebe6e9d0f9920af7a2e898551d17', 'Carlos Costa', 'achemaceio@gmail.com', 1, '2017-08-07 20:35:48', 'uploads/carlos/5988f9547e1f6.jpg'),
(3, 'user', 'carlos', 'c0312f09c371f1da107bf503282bcf7f', 'Carlos Eduardo', 'carloseduardopantaleao@gmail.com', 1, '2017-10-05 13:13:21', 'uploads/Carlos/59d65a21c9b25.jpg'),
(4, 'user', 'carlos', '90cdebe6e9d0f9920af7a2e898551d17', 'Carlos Pantaleão', 'achemaceio@gmail.com', 1, '2017-08-07 20:35:48', 'uploads/carlos/5988f9547e1f6.jpg');

-- --------------------------------------------------------

--
-- Estrutura da tabela `UTILIZADORES`
--

CREATE TABLE IF NOT EXISTS `UTILIZADORES` (
  `id_utilizador` int(11) NOT NULL,
  `tipo` varchar(30) NOT NULL,
  `utilizador` varchar(32) NOT NULL,
  `passe` varchar(100) NOT NULL,
  `nome` varchar(40) NOT NULL,
  `email` varchar(120) NOT NULL,
  `activo` tinyint(1) NOT NULL DEFAULT '1',
  `datainsc` datetime NOT NULL DEFAULT CURRENT_TIMESTAMP,
  `image` varchar(50) NOT NULL
) ENGINE=InnoDB AUTO_INCREMENT=22 DEFAULT CHARSET=utf8;

--
-- Extraindo dados da tabela `UTILIZADORES`
--

INSERT INTO `UTILIZADORES` (`id_utilizador`, `tipo`, `utilizador`, `passe`, `nome`, `email`, `activo`, `datainsc`, `image`) VALUES
(1, 'admin', 'admin', '90cdebe6e9d0f9920af7a2e898551d17', 'admin', 'admin@hotmail.com', 1, '2017-08-07 20:38:05', 'uploads/admin/usuario.jpg'),
(20, 'admin', 'carlos', '90cdebe6e9d0f9920af7a2e898551d17', 'carlos', 'achemaceio@gmail.com', 1, '2017-08-07 20:35:48', 'uploads/carlos/5988f9547e1f6.jpg'),
(21, 'user', 'carlos', 'c0312f09c371f1da107bf503282bcf7f', 'Carlos', 'carloseduardopantaleao@gmail.com', 1, '2017-10-05 13:13:21', 'uploads/Carlos/59d65a21c9b25.jpg');

--
-- Indexes for dumped tables
--

--
-- Indexes for table `artigos`
--
ALTER TABLE `artigos`
  ADD PRIMARY KEY (`id`);

--
-- Indexes for table `autos`
--
ALTER TABLE `autos`
  ADD PRIMARY KEY (`id`);

--
-- Indexes for table `auto_fotos`
--
ALTER TABLE `auto_fotos`
  ADD PRIMARY KEY (`id`);

--
-- Indexes for table `auto_lojas`
--
ALTER TABLE `auto_lojas`
  ADD PRIMARY KEY (`id`);

--
-- Indexes for table `auto_marcas`
--
ALTER TABLE `auto_marcas`
  ADD PRIMARY KEY (`id`);

--
-- Indexes for table `auto_modelo`
--
ALTER TABLE `auto_modelo`
  ADD PRIMARY KEY (`id`);

--
-- Indexes for table `auto_negocio_tipo`
--
ALTER TABLE `auto_negocio_tipo`
  ADD PRIMARY KEY (`id`);

--
-- Indexes for table `auto_tipo`
--
ALTER TABLE `auto_tipo`
  ADD PRIMARY KEY (`id`);

--
-- Indexes for table `bairros`
--
ALTER TABLE `bairros`
  ADD PRIMARY KEY (`id`);

--
-- Indexes for table `cidades`
--
ALTER TABLE `cidades`
  ADD PRIMARY KEY (`id`);

--
-- Indexes for table `COMPARAR`
--
ALTER TABLE `COMPARAR`
  ADD PRIMARY KEY (`id`);

--
-- Indexes for table `EMPRESA`
--
ALTER TABLE `EMPRESA`
  ADD PRIMARY KEY (`id`);

--
-- Indexes for table `newsletter`
--
ALTER TABLE `newsletter`
  ADD PRIMARY KEY (`id`);

--
-- Indexes for table `opcional`
--
ALTER TABLE `opcional`
  ADD PRIMARY KEY (`id`);

--
-- Indexes for table `PROPOSTAS`
--
ALTER TABLE `PROPOSTAS`
  ADD PRIMARY KEY (`id_proposta`);

--
-- Indexes for table `USUARIOS`
--
ALTER TABLE `USUARIOS`
  ADD PRIMARY KEY (`id_user`);

--
-- Indexes for table `UTILIZADORES`
--
ALTER TABLE `UTILIZADORES`
  ADD PRIMARY KEY (`id_utilizador`);

--
-- AUTO_INCREMENT for dumped tables
--

--
-- AUTO_INCREMENT for table `artigos`
--
ALTER TABLE `artigos`
  MODIFY `id` int(11) NOT NULL AUTO_INCREMENT,AUTO_INCREMENT=64;
--
-- AUTO_INCREMENT for table `autos`
--
ALTER TABLE `autos`
  MODIFY `id` int(20) NOT NULL AUTO_INCREMENT,AUTO_INCREMENT=65;
--
-- AUTO_INCREMENT for table `auto_fotos`
--
ALTER TABLE `auto_fotos`
  MODIFY `id` int(20) NOT NULL AUTO_INCREMENT,AUTO_INCREMENT=178;
--
-- AUTO_INCREMENT for table `auto_lojas`
--
ALTER TABLE `auto_lojas`
  MODIFY `id` int(20) NOT NULL AUTO_INCREMENT,AUTO_INCREMENT=43;
--
-- AUTO_INCREMENT for table `auto_marcas`
--
ALTER TABLE `auto_marcas`
  MODIFY `id` int(20) NOT NULL AUTO_INCREMENT,AUTO_INCREMENT=14;
--
-- AUTO_INCREMENT for table `auto_modelo`
--
ALTER TABLE `auto_modelo`
  MODIFY `id` int(20) NOT NULL AUTO_INCREMENT,AUTO_INCREMENT=17;
--
-- AUTO_INCREMENT for table `auto_negocio_tipo`
--
ALTER TABLE `auto_negocio_tipo`
  MODIFY `id` int(20) NOT NULL AUTO_INCREMENT,AUTO_INCREMENT=7;
--
-- AUTO_INCREMENT for table `auto_tipo`
--
ALTER TABLE `auto_tipo`
  MODIFY `id` int(20) NOT NULL AUTO_INCREMENT,AUTO_INCREMENT=6;
--
-- AUTO_INCREMENT for table `bairros`
--
ALTER TABLE `bairros`
  MODIFY `id` int(20) NOT NULL AUTO_INCREMENT,AUTO_INCREMENT=12;
--
-- AUTO_INCREMENT for table `cidades`
--
ALTER TABLE `cidades`
  MODIFY `id` int(20) NOT NULL AUTO_INCREMENT,AUTO_INCREMENT=4;
--
-- AUTO_INCREMENT for table `COMPARAR`
--
ALTER TABLE `COMPARAR`
  MODIFY `id` int(11) NOT NULL AUTO_INCREMENT,AUTO_INCREMENT=39;
--
-- AUTO_INCREMENT for table `EMPRESA`
--
ALTER TABLE `EMPRESA`
  MODIFY `id` int(2) NOT NULL AUTO_INCREMENT,AUTO_INCREMENT=2;
--
-- AUTO_INCREMENT for table `newsletter`
--
ALTER TABLE `newsletter`
  MODIFY `id` int(20) NOT NULL AUTO_INCREMENT,AUTO_INCREMENT=44;
--
-- AUTO_INCREMENT for table `opcional`
--
ALTER TABLE `opcional`
  MODIFY `id` int(11) NOT NULL AUTO_INCREMENT,AUTO_INCREMENT=31;
--
-- AUTO_INCREMENT for table `PROPOSTAS`
--
ALTER TABLE `PROPOSTAS`
  MODIFY `id_proposta` int(11) NOT NULL AUTO_INCREMENT,AUTO_INCREMENT=11;
--
-- AUTO_INCREMENT for table `USUARIOS`
--
ALTER TABLE `USUARIOS`
  MODIFY `id_user` int(11) NOT NULL AUTO_INCREMENT,AUTO_INCREMENT=5;
--
-- AUTO_INCREMENT for table `UTILIZADORES`
--
ALTER TABLE `UTILIZADORES`
  MODIFY `id_utilizador` int(11) NOT NULL AUTO_INCREMENT,AUTO_INCREMENT=22;
